rivative of 2*y + 20 - 1/2*y**2. Calculate l(4).
-2
Suppose -64 + 265 = 3*n. Let x = -64 + n. Let v(k) = k**3 - 4*k**2 + 4*k + 1. Give v(x).
4
Suppose t + 12 = -2*t. Let i(w) = -5*w**3 - 4*w**2 + 3*w + 2. Let x(j) = j**3 - j. Let u(z) = t*x(z) - i(z). Suppose 7*r + 49 = 21. Give u(r).
-6
Let k(n) be the third derivative of 0*n - 4/3*n**3 + 3/40*n**5 + 1/8*n**4 + 0 - 9*n**2 + 1/360*n**6. Let p(x) be the first derivative of k(x). Calculate p(-7).
-11
Let h(b) = -3*b + 6. Let w be h(2). Let x(o) = 8*o - 3. Let y(f) = 13*f - 4. Let k(q) = -8*x(q) + 5*y(q). Give k(w).
4
Let v(x) be the first derivative of -x**4/2 - x**3 - x + 2. Let f be v(-3). Suppose 0 = 4*a + f - 6. Let r(b) = -b + 7. Give r(a).
12
Suppose 6 = 3*r, t - 3*r = -5*r + 7. Let y(o) = -5*o**2 + 1 - o + 2*o**2 + 0*o**2 + o**3. Calculate y(t).
-2
Let c(u) = u**2 + 4*u - 10. Let t be (-3)/(-24)*0 + -6. Give c(t).
2
Let d(n) = -n**3 - 6*n**2 + 9*n + 16. Let y be d(-7). Let g(q) = -4 + 2*q**y + q + 0*q**2 - 2*q - q**2. Give g(-5).
26
Let a = -39 + 41. Let p(x) = -1 - 6*x - 8 + x**2 - a. Calculate p(8).
5
Let i be 5*-1*(19 + -1 - 16). Let g(v) = -v**2 - 7*v + 27. What is g(i)?
-3
Suppose 5*v = -2 + 12. Suppose v*z - 22 = a, 86 = -4*a - a + 4*z. Let h be (-132)/(-28) - 4/a. Let u(f) = f + 4. Calculate u(h).
9
Let s(f) = 5*f - 1. Let x(j) = -24*j + 1. Let c(l) = -4*s(l) - x(l). Give c(6).
27
Let o(r) = -2*r. Let t be o(-6). Suppose -t = 3*h, 5*h + 12 = -4*f + 2*h. Let j(b) = f*b**2 + 2 + 0*b**3 - b**3 - 4*b - 6*b**2. What is j(-4)?
-14
Let f = 12 - 8. Suppose f*w = 2*y + 30, 0*y - 22 = -3*w + y. Let p(t) = -t + 14. Calculate p(w).
7
Let x(s) = -4*s**3 + 3*s**3 - 5*s**2 + 8*s**2 - 1. Let w(m) = 2*m + 19. Let b(k) = 2*k + 19. Let f(p) = -5*b(p) + 4*w(p). Let y be f(-10). What is x(y)?
1
Let l = -27 + 30. Suppose -l*h - 25 = -16. Let n(s) = -4*s - 4. What is n(h)?
8
Let v(y) = y**3 + 8*y**2 - 7*y + 6. Suppose -5*q - 25 = -5*b, -3*q + 5*b + 47 = -6*q. What is v(q)?
-12
Let v = 89 + -87. Let m(r) = -r - v*r - 6*r + 10*r. Give m(-2).
-2
Let f be (12/(-18))/((-1)/(-3)). Let n(w) be the second derivative of -1/2*w**3 - 3*w + 1/2*w**2 - 1/12*w**4 + 0. Give n(f).
3
Let b = -8 + 10. Let d(o) = 1 - 11*o**b - 2*o + 10*o**2 + 5*o. What is d(2)?
3
Let o = -1777 + 1778. Let q(n) = 4. Let a(p) = -p - 9. Let g(i) = -3*a(i) - 7*q(i). Calculate g(o).
2
Let x(c) = c + 6. Suppose 0 = -3*n + 4*u + 20, 5*n - 3*u - 48 = -0*u. Suppose 0 = -4*v - 0 + n. Suppose -f + 9 = -q - 0, -v*f - 15 = 4*q. What is x(q)?
0
Suppose -34 = -3*y + 2*b, 0 = -0*b - 5*b - 25. Let c(m) = -m**2 + 8*m + 10. Determine c(y).
10
Let g(z) = 25*z. Let h = 230 + -229. Determine g(h).
25
Let i(a) = -5*a**2 + 9*a - 34. Let g(v) = 4*v**2 - 8*v + 25. Let s(j) = 4*g(j) + 3*i(j). Suppose -2*d = 4 - 12. What is s(d)?
-6
Suppose -g = 0, 3*x = g - 2*g + 126. Let a = x + -38. Let u be a + 0/(-3) - 6. Let s(v) = v**3 + 3*v**2 + v + 1. Determine s(u).
3
Let o(q) = -q**2 - 11*q + 15 - 9*q - 2 + 0 + 8*q. Determine o(-12).
13
Let i = -155 + 155. Let r(k) = -k**2 - 2*k + 4. What is r(i)?
4
Suppose 4*v = -4*n - 16, -v - 8*n = -11*n + 8. Let l(s) = s - 7. Let i be l(0). Let a(o) = o + 1. Let q(r) = -r - 1. Let d(y) = i*a(y) + v*q(y). Determine d(2).
-6
Let j be 4/(-14) + (-1694)/(-98). Let z(b) = 27*b - 64*b + 2 + j*b + 19*b. Let c = -1 + -2. Determine z(c).
5
Let b be ((-6)/(-5))/(14/35). Suppose 0 = 3*l - 4*y - 2, -4*l + 5 = -b*y. Let d be l/(-11) - 212/44. Let s(h) = h**2 + 2*h - 4. Calculate s(d).
11
Let k(q) = -5 - 2 - 2*q + 66*q**3 + 9*q + 4*q**2 - 67*q**3. Calculate k(5).
3
Let f(u) = 7*u - 7 + 4*u - 4*u - 7*u**2 + u**3 + u. Suppose 2*x + 4*t - 14 = 0, 2*x - t = 7 + 2. What is f(x)?
-17
Let h(z) = -18 + 1 + 7 + 10*z + z**2 + 10 + 3. Suppose 0 = -3*m + p + 2*p - 15, 0 = 5*m + 3*p + 17. Let r = 0 + m. Calculate h(r).
-21
Let q(r) = r**2 - 5*r + 15. Let n(i) = 2*i**2 - i + 1. Let m(y) = n(y) - q(y). What is m(-7)?
7
Let x(m) be the third derivative of -m**4/8 + 13*m**3/2 - 3*m**2 + 145*m. What is x(15)?
-6
Let u be ((-92)/8)/(2/8). Let o = u + 50. Let k(i) = 3*i - 2. Calculate k(o).
10
Suppose q - 3*q - 8 = v, -2*q - 8 = -3*v. Let f(j) = -7 + 729*j**3 - j - 1455*j**3 + 727*j**3. Calculate f(v).
-7
Let v = -1 + -18. Let w = v + 17. Let i be (16/w)/(1 + -3). Let l(b) = b**3 - 6*b**2 + 4*b + 4. What is l(i)?
-12
Let c(z) = 8*z**3 - 7*z**2 - 13*z + 4. Let n(d) = 3*d**3 - 4*d**2 - 6*d + 2. Let t(y) = 2*c(y) - 5*n(y). Determine t(-5).
3
Suppose 3*b - 6*b - 60 = -2*z, 0 = b + 5*z + 37. Let o = -115 - -96. Let w = b - o. Let a(u) = -u**2 - 2*u - 2. Give a(w).
-5
Let d(s) be the first derivative of s**3/3 + 8*s**2 + 13*s + 144. Determine d(-15).
-2
Let j be ((-44)/(-10))/(168/420). Let z(m) = -m + 6 + 2 + 1. Calculate z(j).
-2
Suppose 0 = -5*n + 8*n - 36. Let u(f) be the first derivative of f**4/4 - 4*f**3 + 2*f + 62. Determine u(n).
2
Let a(n) = -2*n**3 + 6*n**2 - n - 7. Let j(d) = -d**3 + d**2 - d. Let v(x) = -a(x) + j(x). Suppose y = -y + 10. Give v(y).
7
Let q(p) = -11 - 8*p - 5*p + 11*p. Calculate q(-10).
9
Let k(u) = -2 - 2 + 3 + u. Suppose -o + 2*z - 1 = -5, 0 = -4*o - 2*z - 24. Let p be (6/(-4))/((-2)/o). Give k(p).
-4
Let x(z) = z**3 - 6*z**2 - 3*z + 2*z**2 - z**2. Let s = 4982 - 4978. Calculate x(s).
-28
Let y(t) = 3*t - 3*t**2 - 3 - t**2 - t**3 + 2*t. Let h(k) = k - 17. Let n(m) = -11*m**3 - 2*m - 1. Let r be n(-1). Let s be h(r). What is y(s)?
-3
Suppose 7*p + 80 = 94. Let d(o) = o + 2. What is d(p)?
4
Let z be (0 - 8) + (0 - -3). Let d = z + 13. Let q = -3 + d. Let x(m) = m**2 - 5*m + 1. Determine x(q).
1
Let l be (-1 - 0)*1*0. Let u(k) = 80*k + 61. Let s(n) = 103*n + 80. Let m(v) = 7*s(v) - 9*u(v). Determine m(l).
11
Let k = 2387 - 2392. Let r(h) be the third derivative of -h**5/60 + h**3/3 - h**2. Determine r(k).
-23
Let f be (2/(-4))/(1/10). Let v(s) = -3*s**2 - 15*s + 3. Let d be v(f). Let q(l) = -l - 3. What is q(d)?
-6
Let i(r) = -5 - 4*r - r**2 - 7*r + 3*r. Suppose -16 = -3*f + 8. Let j = -13 + f. Give i(j).
10
Suppose p + 3*p - 16 = 0. Suppose 3*k = p*k - 10. Let y = -5 + k. Let q(v) = v**3 - 4*v**2 - 6*v + 6. Give q(y).
1
Let a = -1 + 2. Let m(v) = 2*v**2 - 4*v + a + 3 - 4*v**2. Let w(b) = -b**2 + 17*b - 56. Let t be w(13). Determine m(t).
-12
Suppose -2*f = -8 + 40. Let o be f/(-24) - (-2)/6. Let l(b) = 0 + o + 4*b - 3 - 1. Determine l(2).
5
Let l(s) be the second derivative of -6*s + 3/2*s**2 - 1/3*s**3 + 1/60*s**5 - 1/24*s**4 + 0. Let y(a) be the first derivative of l(a). Give y(3).
4
Let m(i) be the first derivative of -i**2 + 14*i - 346. Calculate m(4).
6
Let z(n) = 4*n - 2*n - 3 - 4 + n. Calculate z(6).
11
Let q = -7 - -6. Let j be q + (0 - 0) - -4. Let p(v) = -5*v**2 - v + 4. Let t(n) = -14*n**2 - 2*n + 11. Let u(x) = j*t(x) - 8*p(x). Calculate u(-1).
-3
Let h = 10 + -10. Let t(m) = -7 + 0*m + h*m - 3*m + m. Let q(z) = z + 1. Let c(l) = -3*q(l) - t(l). Calculate c(3).
1
Let y(z) = z**2 - 7. Suppose 2*h + 125 = 6*h - i, -5*h + 5*i = -145. Suppose -h + 32 = -5*x. Give y(x).
-7
Let l(a) = -a**2 + 6*a - 10. Let j(o) = -o**2 + 6*o - 12. Let p(r) = -5*j(r) + 6*l(r). Let w = -5 - -11. Give p(w).
0
Let h(c) = -4*c - 2. Let j(s) = -s**2 - s + 13. Let x be j(-6). Let i be (26/(-3))/(20/(-30)). Let f = x + i. Give h(f).
14
Let z(r) = 9*r + 2*r + 1 + 3*r - 13*r. Let n(j) = j**3 + 4*j**2 - 6*j - 1. Let d be n(-5). What is z(d)?
5
Let j be (2 - (3 + -5)) + -2. Let q(s) = 3*s - 3. Give q(j).
3
Let d(i) = 0*i + 3 - 3*i + 2. Let a be (-4)/6 - 36/27. Let q(n) = n**2 + 3*n + 6. Let v be q(a). Give d(v).
-7
Suppose y - 23 = -4*i, 3*i - 22 = 4*y - 0*y. Let u be ((-21)/2)/(-3) + (-2)/4. Let s(r) = -7*r**2 - i*r + 5*r**2 + 0*r + 3*r + r**u. Calculate s(-2).
-10
Let r(s) be the first derivative of s**4/4 - 7*s**3/3 + 2*s**2 - 10*s + 133. Give r(7).
18
Suppose -5*q - 25 = 7*u - 12*u, -q = u - 11. Let c(w) = w**3 - 7*w**2 - 7*w - 5. Give c(u).
3
Let s(r) = 2*r**3 - 21*r**2 - 21. Let i(w) = -5*w**3 + 45*w**2 - w + 40. Let f(o) = -3*i(o) - 7*s(o). Calculate f(-12).
-9
Let u = 1139 + -1126. Let f(h) = h**2 - 9*h - 43. What is f(u)?
9
Let n(m) = -m**3 + 8*m**2 + 2*m - 12. Let l = -23 - -27. Suppose 4*i = 0, 4*i = -2*b + l*b - 16. Calculate n(b).
4
Let s(x) = -x + 6. Let q(n) = -n**2 - 6*n + 5. Let a be q(-6). Let z = 10 - a. Suppose -4*c + 32 = 2*k, 0 = 3*k + z*c + 